94273?
3
What is the ten millions digit of 409813053?
0
What is the tens digit of 1680240024?
2
What is the millions digit of 370709257?
0
What is the hundred thousands digit of 735947152?
9
What is the ten millions digit of 848259536?
4
What is the units digit of 27341444?
4
What is the ten thousands digit of 1557958284?
5
What is the hundred thousands digit of 1176296033?
2
What is the millions digit of 4090692386?
0
What is the thousands digit of 37460731?
0
What is the hundred thousands digit of 955364255?
3
What is the tens digit of 6916301020?
2
What is the units digit of 9781063?
3
What is the hundred thousands digit of 382790275?
7
What is the millions digit of 89245906?
9
What is the billions digit of 5117944017?
5
What is the ten thousands digit of 2910846460?
4
What is the thousands digit of 106815603?
5
What is the ten thousands digit of 957554054?
5
What is the hundred thousands digit of 200166914?
1
What is the ten millions digit of 36760183?
3
What is the ten millions digit of 1140397455?
4
What is the millions digit of 531981423?
1
What is the hundreds digit of 39170717?
7
What is the thousands digit of 3041226?
1
What is the tens digit of 4851160872?
7
What is the ten millions digit of 59925724?
5
What is the hundred millions digit of 160179527?
1
What is the hundred thousands digit of 17160706?
1
What is the ten millions digit of 31228734?
3
What is the thousands digit of 461339381?
9
What is the tens digit of 601367815?
1
What is the thousands digit of 188234050?
4
What is the hundred thousands digit of 44598867?
5
What is the ten millions digit of 1550443089?
5
What is the ten millions digit of 94854965?
9
What is the units digit of 1060327894?
4
What is the millions digit of 1067426677?
7
What is the millions digit of 550670563?
0
What is the ten millions digit of 755381452?
5
What is the hundred thousands digit of 429349327?
3
What is the millions digit of 1946363870?
6
What is the millions digit of 2884098767?
4
What is the ten thousands digit of 69715441?
1
What is the ten thousands digit of 157372071?
7
What is the billions digit of 2183652812?
2
What is the tens digit of 2355717784?
8
What is the hundred thousands digit of 692790278?
7
What is the tens digit of 223873803?
0
What is the millions digit of 788955457?
8
What is the tens digit of 182971973?
7
What is the hundred thousands digit of 3591940485?
9
What is the hundred thousands digit of 20380043?
3
What is the tens digit of 533778261?
6
What is the ten thousands digit of 51319113?
1
What is the ten thousands digit of 4635799456?
9
What is the thousands digit of 933888175?
8
What is the ten millions digit of 77828217?
7
What is the thousands digit of 46442097?
2
What is the hundreds digit of 865059688?
6
What is the tens digit of 4114186435?
3
What is the hundred millions digit of 1015838124?
0
What is the ten thousands digit of 173841903?
4
What is the tens digit of 1393811540?
4
What is the thousands digit of 599190252?
0
What is the hundred millions digit of 3691616299?
6
What is the millions digit of 252394126?
2
What is the units digit of 13291733?
3
What is the millions digit of 159433140?
9
What is the hundred thousands digit of 615103938?
1
What is the units digit of 14047132?
2
What is the hundred thousands digit of 1058172953?
1
What is the ten millions digit of 5241966104?
4
What is the ten millions digit of 190771040?
9
What is the thousands digit of 321139850?
9
What is the ten millions digit of 2482384814?
8
What is the millions digit of 84718532?
4
What is the tens digit of 150558788?
8
What is the ten millions digit of 786081561?
8
What is the hundred thousands digit of 50847933?
8
What is the tens digit of 105601024?
2
What is the tens digit of 214239053?
5
What is the hundred thousands digit of 371913096?
9
What is the units digit of 186043647?
7
What is the tens digit of 189815373?
7
What is the ten millions digit of 45394318?
4
What is the hundred thousands digit of 52475048?
4
What is the hundreds digit of 741569866?
8
What is the hundred millions digit of 158268887?
1
What is the millions digit of 203368152?
3
What is the hundred thousands digit of 20007583?
0
What is the hundred thousands digit of 2048909941?
9
What is the tens digit of 39753623?
2
What is the millions digit of 3033699339?
3
What is the hundred millions digit of 1349894444?
3
What is the millions digit of 536029734?
6
What is the tens digit of 81956651?
5
What is the hundred thousands digit of 356988315?
9
What is the units digit of 35678891?
1
What is the hundreds digit of 7361693992?
9
What is the thousands digit of 1199445557?
5
What is the hundred thousands digit of 2142266?
1
What is the units digit of 18777798?
8
What is the tens digit of 16728015?
1
What is the thousands digit of 21026994?
6
What is the thousands digit of 6182176?
2
What is the thousands digit of 443586754?
6
What is the tens digit of 19957764?
6
What is the hundred thousands digit of 3096548881?
5
What is the hundred thousands digit of 240066251?
0
What is the ten thousands digit of 917648235?
4
What is the millions digit of 501325039?
1
What is the thousands digit of 247882639?
2
What is the millions digit of 4213735495?
3
What is the hundreds digit of 18625055?
0
What is the hundreds digit of 71914497?
4
What is the ten millions digit of 570958599?
7
What is the thousands digit of 294835604?
5
What is the tens digit of 719751569?
6
What is the thousands digit of 8853130?
3
What is the ten millions digit of 1069699281?
6
What is the hundred millions digit of 4723078266?
7
What is the millions digit of 143330612?
3
What is the units digit of 379470488?
8
What is the units digit of 370116202?
2
What is the ten thousands digit of 3676535458?
3
What is the hundred thousands digit of 5377619228?
6
What is the millions digit of 10583275?
0
What is the tens digit of 1016184188?
8
What is the hundreds digit of 86560168?
1
What is the ten thousands digit of 69453637?
5
What is the hundreds digit of 49136186?
1
What is the thousands digit of 1882734787?
4
What is the millions digit of 262208886?
2
What is the units digit of 1882884?
4
What is the units digit of 1130435914?
4
What is the ten millions digit of 4012600703?
1
What is the hundreds digit of 978611419?
4
What is the hundreds digit of 129590590?
5
What is the ten thousands digit of 47387449?
8
What is the millions digit of 1689223774?
9
What is the units digit of 1311220042?
2
What is the hundreds digit of 660692089?
0
What is the hundreds digit of 565910257?
2
What is the millions digit of 3788747108?
8
What is the millions digit of 227663592?
7
What is the hundreds digit of 40768477?
4
What is the ten millions digit of 3675212181?
7
What is the thousands digit of 745675921?
5
What is the thousands digit of 175747910?
7
What is the hundreds digit of 666696842?
8
What is the hundred thousands digit of 1795228999?
2
What is the thousands digit of 2983506903?
6
What is the hundred thousands digit of 1759804951?
8
What is the hundred millions digit of 259453446?
2
What is the thousands digit of 86556724?
6
What is the ten thousands digit of 157881181?
8
What is the ten thousands digit of 13018819?
1
What is the ten millions digit of 161035461?
6
What is the millions digit of 93167003?
3
What is the tens digit of 179966682?
8
What is the units digit of 26509325?
5
What is the hundred millions digit of 619511086?
6
What is the tens digit of 318481590?
9
What is the millions digit of 871702644?
1
What is the hundred thousands digit of 1774961?
7
What is the ten thousands digit of 8428615884?
1
What is the millions digit of 3002073421?
2
What is the units digit of 190131908?
8
What is the ten thousands digit of 2225653511?
5
What is the hundreds digit of 89201774?
7
What is the thousands digit of 260691927?
1
What is the billions digit of 2050054213?
2
What is the hundreds digit of 37858707?
7
What is the hundred thousands digit of 131136651?
1
What is the thousands digit of 638506396?
6
What is the millions digit of 168659394?
8
What is the hundreds digit of 155179569?
5
What is the millions digit of 168227527?
8
What is the ten thousands digit of 41232583?
3
What is the ten thousands digit of 244266821?
6
What is the tens digit of 1127337695?
9
Wh